{"id":60,"date":"2021-06-16T12:20:22","date_gmt":"2021-06-16T10:20:22","guid":{"rendered":"http:\/\/broch-supervision.com\/?page_id=60"},"modified":"2023-05-08T22:52:52","modified_gmt":"2023-05-08T20:52:52","slug":"ueber-mich","status":"publish","type":"page","link":"https:\/\/broch-supervision.de\/?page_id=60","title":{"rendered":"\u00dcber mich"},"content":{"rendered":"\t\t<div data-elementor-type=\"wp-page\" data-elementor-id=\"60\" class=\"elementor elementor-60\">\n\t\t\t\t\t\t<section class=\"elementor-section elementor-top-section elementor-element elementor-element-1d237b2 elementor-section-boxed elementor-section-height-default elementor-section-height-default\" data-id=\"1d237b2\" data-element_type=\"section\" data-e-type=\"section\" data-settings=\"{&quot;background_background&quot;:&quot;classic&quot;}\">\n\t\t\t\t\t\t<div class=\"elementor-container elementor-column-gap-default\">\n\t\t\t\t\t<div class=\"elementor-column elementor-col-100 elementor-top-column elementor-element elementor-element-832d0bb\" data-id=\"832d0bb\" data-element_type=\"column\" data-e-type=\"column\">\n\t\t\t<div class=\"elementor-widget-wrap elementor-element-populated\">\n\t\t\t\t\t\t<div class=\"elementor-element elementor-element-cb08108 elementor-widget elementor-widget-spacer\" data-id=\"cb08108\" data-element_type=\"widget\" data-e-type=\"widget\" data-widget_type=\"spacer.default\">\n\t\t\t\t<div class=\"elementor-widget-container\">\n\t\t\t\t\t\t\t<div class=\"elementor-spacer\">\n\t\t\t<div class=\"elementor-spacer-inner\"><\/div>\n\t\t<\/div>\n\t\t\t\t\t\t<\/div>\n\t\t\t\t<\/div>\n\t\t\t\t<div class=\"elementor-element elementor-element-5aa8378 elementor-widget elementor-widget-heading\" data-id=\"5aa8378\" data-element_type=\"widget\" data-e-type=\"widget\" data-widget_type=\"heading.default\">\n\t\t\t\t<div class=\"elementor-widget-container\">\n\t\t\t\t\t<h2 class=\"elementor-heading-title elementor-size-default\">\u00dcber mich<\/h2>\t\t\t\t<\/div>\n\t\t\t\t<\/div>\n\t\t\t\t<div class=\"elementor-element elementor-element-31bbae8 elementor-widget elementor-widget-spacer\" data-id=\"31bbae8\" data-element_type=\"widget\" data-e-type=\"widget\" data-widget_type=\"spacer.default\">\n\t\t\t\t<div class=\"elementor-widget-container\">\n\t\t\t\t\t\t\t<div class=\"elementor-spacer\">\n\t\t\t<div class=\"elementor-spacer-inner\"><\/div>\n\t\t<\/div>\n\t\t\t\t\t\t<\/div>\n\t\t\t\t<\/div>\n\t\t\t\t<section class=\"elementor-section elementor-inner-section elementor-element elementor-element-f97e76b elementor-section-boxed elementor-section-height-default elementor-section-height-default\" data-id=\"f97e76b\" data-element_type=\"section\" data-e-type=\"section\">\n\t\t\t\t\t\t<div class=\"elementor-container elementor-column-gap-default\">\n\t\t\t\t\t<div class=\"elementor-column elementor-col-100 elementor-inner-column elementor-element elementor-element-17f7ef8\" data-id=\"17f7ef8\" data-element_type=\"column\" data-e-type=\"column\">\n\t\t\t<div class=\"elementor-widget-wrap elementor-element-populated\">\n\t\t\t\t\t\t<div class=\"elementor-element elementor-element-986d3f4 elementor-widget elementor-widget-text-editor\" data-id=\"986d3f4\" data-element_type=\"widget\" data-e-type=\"widget\" data-widget_type=\"text-editor.default\">\n\t\t\t\t<div class=\"elementor-widget-container\">\n\t\t\t\t\t\t\t\t\t<p>Nach zwei medizinischen Ausbildungen und dem Abitur \u00fcber den zweiten Bildungsweg habe ich Psychologie studiert und im Anschlu\u00df eine Ausbildung zur Verhaltenstherapeutin absolviert.<\/p><p>\u00dcber 20 Jahre war ich in eigener psychotherapeutischer Praxis niedergelassen.<\/p><p>Nach zus\u00e4tzlichen Fortbildungen in EMDR und Traumatherapie absolvierte ich eine zweij\u00e4hrige Ausbildung zur Supervisorin bei der DGVT (Deutsche Gesellschaft f\u00fcr Verhaltenstherapie) und arbeitete \u00fcber acht Jahre als Supervisorin und Selbsterfahrungsleiterin an einem Ausbildungsinstitut in K\u00f6ln.<\/p><p>Seit 2021 liegt mein Schwerpunkt auf der supervisorischen T\u00e4tigkeit. Sie umfa\u00dft Einzel- und Gruppensupervisionen f\u00fcr therapeutisch t\u00e4tige KollegInnen, Teamsupervision in Kliniken und sozialen Einrichtungen und Angebot zur Selbsterfahrung.<\/p>\t\t\t\t\t\t\t\t<\/div>\n\t\t\t\t<\/div>\n\t\t\t\t\t<\/div>\n\t\t<\/div>\n\t\t\t\t\t<\/div>\n\t\t<\/section>\n\t\t\t\t<div class=\"elementor-element elementor-element-08917ff elementor-widget elementor-widget-spacer\" data-id=\"08917ff\" data-element_type=\"widget\" data-e-type=\"widget\" data-widget_type=\"spacer.default\">\n\t\t\t\t<div class=\"elementor-widget-container\">\n\t\t\t\t\t\t\t<div class=\"elementor-spacer\">\n\t\t\t<div class=\"elementor-spacer-inner\"><\/div>\n\t\t<\/div>\n\t\t\t\t\t\t<\/div>\n\t\t\t\t<\/div>\n\t\t\t\t\t<\/div>\n\t\t<\/div>\n\t\t\t\t\t<\/div>\n\t\t<\/section>\n\t\t\t\t<\/div>\n\t\t","protected":false},"excerpt":{"rendered":"<p>\u00dcber mich Nach zwei medizinischen Ausbildungen und dem Abitur \u00fcber den zweiten Bildungsweg habe ich Psychologie studiert und im Anschlu\u00df eine Ausbildung zur Verhaltenstherapeutin absolviert. \u00dcber 20 Jahre war ich in eigener psychotherapeutischer Praxis niedergelassen. Nach zus\u00e4tzlichen Fortbildungen in EMDR und Traumatherapie absolvierte ich eine zweij\u00e4hrige Ausbildung zur Supervisorin bei der DGVT (Deutsche Gesellschaft f\u00fcr&hellip; <a class=\"more-link\" href=\"https:\/\/broch-supervision.de\/?page_id=60\"><span class=\"screen-reader-text\">\u00dcber mich<\/span> weiterlesen<\/a><\/p>\n","protected":false},"author":1,"featured_media":0,"parent":0,"menu_order":0,"comment_status":"closed","ping_status":"closed","template":"elementor_header_footer","meta":{"footnotes":""},"class_list":["post-60","page","type-page","status-publish","hentry","entry"],"_links":{"self":[{"href":"https:\/\/broch-supervision.de\/index.php?rest_route=\/wp\/v2\/pages\/60","targetHints":{"allow":["GET"]}}],"collection":[{"href":"https:\/\/broch-supervision.de\/index.php?rest_route=\/wp\/v2\/pages"}],"about":[{"href":"https:\/\/broch-supervision.de\/index.php?rest_route=\/wp\/v2\/types\/page"}],"author":[{"embeddable":true,"href":"https:\/\/broch-supervision.de\/index.php?rest_route=\/wp\/v2\/users\/1"}],"replies":[{"embeddable":true,"href":"https:\/\/broch-supervision.de\/index.php?rest_route=%2Fwp%2Fv2%2Fcomments&post=60"}],"version-history":[{"count":42,"href":"https:\/\/broch-supervision.de\/index.php?rest_route=\/wp\/v2\/pages\/60\/revisions"}],"predecessor-version":[{"id":223,"href":"https:\/\/broch-supervision.de\/index.php?rest_route=\/wp\/v2\/pages\/60\/revisions\/223"}],"wp:attachment":[{"href":"https:\/\/broch-supervision.de\/index.php?rest_route=%2Fwp%2Fv2%2Fmedia&parent=60"}],"curies":[{"name":"wp","href":"https:\/\/api.w.org\/{rel}","templated":true}]}}